540239 a prime number?
False
Is 11393659 composite?
True
Is 86688479 a prime number?
True
Is 12218189 a composite number?
True
Is 35970461 composite?
True
Is 577422251 a composite number?
True
Is 539317 composite?
True
Is 65426363 composite?
False
Is 10722511 a composite number?
True
Is 63029803 a composite number?
False
Is 672479 composite?
True
Is 1466018 prime?
False
Is 2688191 a prime number?
False
Is 5399021 a composite number?
True
Is 14364239 prime?
False
Is 175901317 a prime number?
True
Is 503981 prime?
False
Is 25705063 a prime number?
True
Is 7922171 a prime number?
True
Is 20625359 composite?
False
Is 10412197 a composite number?
False
Is 29349451 prime?
True
Is 8689111 prime?
True
Is 42606401 a prime number?
False
Is 1523441 a composite number?
False
Is 8227453 a prime number?
False
Is 4296049 prime?
False
Is 448132415 a composite number?
True
Is 146191909 prime?
False
Is 3608389 prime?
True
Is 10970077 composite?
False
Is 171834853 a composite number?
True
Is 14870549 a prime number?
True
Is 27760391 composite?
False
Is 9496499 a prime number?
True
Is 253833365 composite?
True
Is 12770551 prime?
True
Is 1918571 a composite number?
False
Is 1683971 a composite number?
False
Is 217444327 prime?
True
Is 393977 a prime number?
True
Is 7603795 a composite number?
True
Is 3827693 composite?
False
Is 1479757 a composite number?
False
Is 1514923 a composite number?
True
Is 243751 a prime number?
False
Is 4568617 a composite number?
True
Is 3932591 a composite number?
True
Is 427660889 a composite number?
False
Is 5711047 a prime number?
False
Is 3173879 a composite number?
True
Is 793711 a composite number?
False
Is 54398567 composite?
True
Is 214546 a prime number?
False
Is 9996929 a composite number?
False
Is 167888251 prime?
False
Is 2170183 a composite number?
True
Is 63122119 a prime number?
True
Is 66294139 a prime number?
False
Is 12346627 a prime number?
False
Is 26994427 a composite number?
False
Is 4977755 a prime number?
False
Is 2799031 prime?
False
Is 189520445 a composite number?
True
Is 35459129 prime?
True
Is 49677227 composite?
False
Is 20253811 a composite number?
False
Is 352174949 a composite number?
True
Is 275341981 prime?
False
Is 1561589 composite?
False
Is 22104611 prime?
True
Is 1707247 composite?
True
Is 12032461 a composite number?
True
Is 864907 composite?
True
Is 1102441 a composite number?
False
Is 4166707 a composite number?
True
Is 4442693 prime?
False
Is 11899361 a prime number?
True
Is 90523 a prime number?
True
Is 561907 prime?
True
Is 326761 a composite number?
True
Is 21012851 composite?
False
Is 59320777 a prime number?
True
Is 32050297 a composite number?
False
Is 15294217 prime?
True
Is 18816871 prime?
False
Is 676482991 prime?
True
Is 42053 composite?
True
Is 4262017 a composite number?
True
Is 2163787 composite?
False
Is 40109947 composite?
False
Is 200047 prime?
False
Is 83651593 composite?
False
Is 1227307 composite?
True
Is 188159731 a prime number?
True
Is 2236099 a prime number?
False
Is 2511781 a prime number?
False
Is 2239687 a prime number?
True
Is 3110407 composite?
True
Is 3572879 a prime number?
True
Is 525487 prime?
False
Is 6388507 a prime number?
True
Is 290965 prime?
False
Is 1514743 a composite number?
True
Is 5589973 prime?
True
Is 1960613 prime?
True
Is 3326809 a composite number?
True
Is 439326991 a prime number?
False
Is 32125477 a prime number?
True
Is 15925417 composite?
True
Is 4750451 a prime number?
False
Is 3855019 a prime number?
False
Is 8118989 prime?
False
Is 4301837 a composite number?
False
Is 464327251 a composite number?
False
Is 6711527 prime?
False
Is 438091 prime?
True
Is 10977566 a composite number?
True
Is 298976791 composite?
False
Is 17521487 a composite number?
False
Is 2078483 a prime number?
False
Is 635011 a composite number?
True
Is 168089093 a composite number?
True
Is 39977207 composite?
False
Is 21587567 composite?
True
Is 52029281 composite?
False
Is 4094663 a composite number?
False
Is 31660873 prime?
True
Is 11410017 prime?
False
Is 10292507 composite?
False
Is 5877191 a composite number?
True
Is 5074337 prime?
True
Is 228942491 a composite number?
True
Is 96826823 composite?
True
Is 2818219 prime?
True
Is 155785057 a composite number?
False
Is 2373073 composite?
True
Is 2192181 composite?
True
Is 71209 a composite number?
False
Is 292557014 composite?
True
Is 2502574 prime?
False
Is 63975809 a composite number?
True
Is 7941461 a prime number?
False
Is 97251059 prime?
False
Is 13452731 prime?
True
Is 1115643883 a composite number?
True
Is 10365209 a composite number?
True
Is 3850309 prime?
False
Is 129218539 prime?
True
Is 53401247 a prime number?
True
Is 162401651 a composite number?
True
Is 13182901 prime?
False
Is 46510433 prime?
False
Is 3619411 composite?
False
Is 3230873 a prime number?
True
Is 3613681 a prime number?
True
Is 40970639 a composite number?
False
Is 1262381 prime?
False
Is 317253551 composite?
True
Is 5140253 prime?
True
Is 2006063 composite?
True
Is 28290179 a composite number?
False
Is 11371967 a prime number?
True
Is 3166541 composite?
True
Is 15197849 composite?
False
Is 2953021 prime?
True
Is 411371 prime?
True
Is 161738449 composite?
False
Is 51423137 a prime number?
False
Is 2461747 prime?
False
Is 144773 composite?
False
Is 105732303 composite?
True
Is 9719219 a prime number?
True
Is 124913 composite?
True
Is 341521 prime?
True
Is 10019143 a composite number?
False
Is 136261627 composite?
True
Is 437365369 a composite number?
True
Is 15510217 a composite number?
False
Is 2517967 a prime number?
False
Is 17684138 prime?
False
Is 24893147 a prime number?
False
Is 6821527 prime?
False
Is 40332113 a composite number?
False
Is 21419239 a prime number?
False
Is 641316473 a composite number?
True
Is 1800053 a composite number?
True
Is 5106077 composite?
True
Is 1653565057 a composite number?
True
Is 21368353 a composite number?
False
Is 59197207 composite?
True
Is 1768183 a composite number?
True
Is 28375595 a prime number?
False
Is 140298211 prime?
False
Is 165199197 composite?
True
Is 2599247 prime?
False
Is 8979653 a prime number?
True
Is 1303517 a composite number?
False
Is 8567038 composite?
True
Is 114357731 a composite number?
False
Is 22912151 a composite number?
True
Is 28530871 prime?
True
Is 988253 a prime number?
False
Is 14530511 a composite number?
False
Is 137612623 a composite number?
False
Is 2886133 prime?
False
Is 1317059 a composite number?
False
Is 4344017 a composite number?
True
Is 527964763 a composite number?
False
Is 21807377 prime?
True
Is 246939313 composite?
False
Is 1673897 a composite number?
False
Is 1460989 composite?
False
Is 6218509 a composite number?
True
Is 5042981 a composite number?
True
Is 33065849 a prime number?
False
Is 1408279 a prime number?
True
Is 14273563 prime?
True
Is 7018997 prime?
True
Is 6017021 a composite number?
False
Is 90106183 prime?
True
Is 6854641 composite?
False
Is 1793906 a composite number?
True
Is 4698383 a composite number?
False
Is 3844627 prime?
True
Is 113304179 composite?
False
Is 19534171 composite?
False
Is 68241209 composite?
True
Is 11393411 composite?
True
Is 747047 a prime number?
False
Is 12961654 prime?
False
Is 8870181 composite?
True
Is 425331506 prime?
False
Is 5972413 composite?
True
Is 5224393 a composite number?
True
Is 672835457 prime?
False
Is 7239289 a prime number?
True
Is 1700539 a prime number?
False
Is 209078339 a composite number?
False
Is 3894101 a prime number?
True
Is 42053341 a composite number?
True
Is 3229901 prime?
True
Is 24110701 a prime number?
True
Is 1102901 a prime number?
True
Is 463072249 composite?
False
Is 4038481 composite?
False
Is 1095633523 prime?
True
Is 27923797 a composite number?
True
Is 215078503 prime?
True
Is 10077451 a composite number?
False
Is 276976915 a prime number?
False
Is 768721 a prime number?
False
Is 27376763 a prime number?
True
Is 47046355 a composite number?
True
Is 123121918 a composite number?
True
Is 34799021 composite?
False
Is 58196897 prime?
False
Is 4020563 a prime number?
True
Is 11146423 prime?
False
Is 42813151 a composite number?
False
Is 645481 composite?
False
Is 2814377 a prime number?
False
Is 33541 composite?
True
Is 10373767 prime?
False
Is 7874071 prime?
True
Is 7511